y 509.
482
Calculate the remainder when 409 is divided by 33.
13
Calculate the remainder when 901 is divided by 149.
7
What is the remainder when 254158 is divided by 36306?
16
What is the remainder when 427762 is divided by 213850?
62
Calculate the remainder when 2623392 is divided by 260.
252
What is the remainder when 65588 is divided by 36?
32
Calculate the remainder when 3411 is divided by 449.
268
What is the remainder when 85102 is divided by 37?
2
Calculate the remainder when 29981 is divided by 25.
6
What is the remainder when 18217 is divided by 30?
7
What is the remainder when 28744 is divided by 1795?
24
Calculate the remainder when 370319 is divided by 120.
119
Calculate the remainder when 58470 is divided by 873.
852
What is the remainder when 21582 is divided by 137?
73
Calculate the remainder when 44957 is divided by 956.
25
What is the remainder when 258634 is divided by 865?
864
Calculate the remainder when 23180 is divided by 7686.
122
Calculate the remainder when 62513 is divided by 41.
29
Calculate the remainder when 60710 is divided by 33.
23
Calculate the remainder when 10565 is divided by 295.
240
What is the remainder when 1448 is divided by 285?
23
What is the remainder when 2926 is divided by 553?
161
Calculate the remainder when 2080 is divided by 755.
570
Calculate the remainder when 11326 is divided by 72.
22
Calculate the remainder when 173541 is divided by 57841.
18
What is the remainder when 239774 is divided by 91?
80
What is the remainder when 199498 is divided by 1127?
19
What is the remainder when 971554 is divided by 1070?
1064
Calculate the remainder when 8500 is divided by 1414.
16
Calculate the remainder when 10883 is divided by 573.
569
What is the remainder when 45954 is divided by 380?
354
What is the remainder when 14849 is divided by 14832?
17
Calculate the remainder when 4868 is divided by 989.
912
Calculate the remainder when 2643 is divided by 2637.
6
What is the remainder when 1652 is divided by 809?
34
Calculate the remainder when 4357 is divided by 486.
469
What is the remainder when 1898 is divided by 180?
98
What is the remainder when 8377 is divided by 1188?
61
What is the remainder when 273038 is divided by 518?
52
What is the remainder when 766 is divided by 25?
16
Calculate the remainder when 155135 is divided by 128.
127
Calculate the remainder when 450443 is divided by 79.
64
What is the remainder when 1196 is divided by 717?
479
Calculate the remainder when 5758 is divided by 1424.
62
What is the remainder when 531419 is divided by 75917?
0
Calculate the remainder when 2372 is divided by 1159.
54
What is the remainder when 44901 is divided by 157?
156
What is the remainder when 16757 is divided by 157?
115
Calculate the remainder when 4525 is divided by 959.
689
What is the remainder when 324894 is divided by 43?
29
What is the remainder when 3383 is divided by 88?
39
What is the remainder when 6228 is divided by 88?
68
Calculate the remainder when 30173 is divided by 739.
613
Calculate the remainder when 805035 is divided by 16.
11
Calculate the remainder when 311472 is divided by 44.
40
What is the remainder when 558 is divided by 261?
36
Calculate the remainder when 675 is divided by 115.
100
Calculate the remainder when 123861 is divided by 527.
16
Calculate the remainder when 127192 is divided by 133.
44
What is the remainder when 56331 is divided by 704?
11
Calculate the remainder when 6673 is divided by 269.
217
What is the remainder when 1410140 is divided by 2?
0
What is the remainder when 19600 is divided by 27?
25
What is the remainder when 83229 is divided by 96?
93
What is the remainder when 2237 is divided by 1115?
7
Calculate the remainder when 20912 is divided by 380.
12
Calculate the remainder when 41199 is divided by 3168.
15
Calculate the remainder when 90799 is divided by 100.
99
Calculate the remainder when 41419 is divided by 88.
59
Calculate the remainder when 769 is divided by 158.
137
Calculate the remainder when 3549 is divided by 438.
45
What is the remainder when 24896 is divided by 73?
3
Calculate the remainder when 3895 is divided by 191.
75
Calculate the remainder when 92165 is divided by 6.
5
Calculate the remainder when 2446 is divided by 33.
4
Calculate the remainder when 32939 is divided by 32926.
13
Calculate the remainder when 332348 is divided by 166163.
22
What is the remainder when 10191 is divided by 250?
191
Calculate the remainder when 46859 is divided by 60.
59
Calculate the remainder when 43124 is divided by 124.
96
Calculate the remainder when 552275 is divided by 7.
3
What is the remainder when 1054576 is divided by 117175?
1
Calculate the remainder when 2975 is divided by 269.
16
What is the remainder when 3395 is divided by 1120?
35
What is the remainder when 1958 is divided by 1392?
566
Calculate the remainder when 83905 is divided by 542.
437
What is the remainder when 54635 is divided by 3902?
7
What is the remainder when 67428 is divided by 127?
118
What is the remainder when 41121 is divided by 175?
171
Calculate the remainder when 176680 is divided by 11.
9
Calculate the remainder when 223866 is divided by 3153.
3
Calculate the remainder when 5276 is divided by 106.
82
What is the remainder when 105110 is divided by 229?
228
What is the remainder when 254241 is divided by 161?
22
Calculate the remainder when 129250 is divided by 43081.
7
What is the remainder when 21580 is divided by 13?
0
What is the remainder when 410621 is divided by 980?
1
Calculate the remainder when 681028 is divided by 1081.
1079
Calculate the remainder when 728101 is divided by 35.
31
Calculate the remainder when 60475 is divided by 60461.
14
Calculate the remainder when 59662 is divided by 423.
19
What is the remainder when 5941 is divided by 5633?
308
Calculate the remainder when 1792 is divided by 41.
29
Calculate the remainder when 290 is divided by 259.
31
What is the remainder when 9933 is divided by 153?
141
What is the remainder when 5335 is divided by 103?
82
Calculate the remainder when 532 is divided by 104.
12
What is the remainder when 21397 is divided by 8?
5
Calculate the remainder when 41940 is divided by 294.
192
What is the remainder when 394393 is divided by 13?
12
What is the remainder when 4072 is divided by 584?
568
Calculate the remainder when 154036 is divided by 41.
40
Calculate the remainder when 48256 is divided by 197.
188
What is the remainder when 1512 is divided by 71?
21
Calculate the remainder when 5860 is divided by 814.
162
Calculate the remainder when 28297 is divided by 178.
173
Calculate the remainder when 56011 is divided by 431.
412
Calculate the remainder when 13755 is divided by 255.
240
What is the remainder when 3284 is divided by 159?
104
What is the remainder when 125331 is divided by 69?
27
Calculate the remainder when 220659 is divided by 187.
186
Calculate the remainder when 2046 is divided by 1022.
2
What is the remainder when 1006 is divided by 74?
44
What is the remainder when 601 is divided by 99?
7
Calculate the remainder when 393 is divided by 119.
36
Calculate the remainder when 11368 is divided by 1091.
458
Calculate the remainder when 465 is divided by 217.
31
What is the remainder when 678 is divided by 309?
60
What is the remainder when 494 is divided by 84?
74
Calculate the remainder when 4163180 is divided by 358.
356
Calculate the remainder when 53442 is divided by 10.
2
Calculate the remainder when 37627 is divided by 19.
7
What is the remainder when 4486 is divided by 1687?
1112
Calculate the remainder when 4666 is divided by 54.
22
What is the remainder when 1466859 is divided by 10?
9
Calculate the remainder when 159063 is divided by 909.
897
Calculate the remainder when 6545 is divided by 6532.
13
What is the remainder when 45498 is divided by 38?
12
What is the remainder when 232307 is divided by 211?
207
What is the remainder when 3146 is divided by 387?
50
Calculate the remainder when 13263 is divided by 1104.
15
Calculate the remainder when 8971 is divided by 33.
28
Calculate the remainder when 35320 is divided by 6.
4
What is the remainder when 11641 is divided by 224?
217
What is the remainder when 1323 is divided by 193?
165
Calculate the remainder when 15075 is divided by 78.